n base 9, what is -26175188 - 2?
-26175201
In base 14, what is -3 - -2b2685?
2b2682
In base 2, what is 1 + 10010001111111101010?
10010001111111101011
In base 4, what is -1303 - -20002003113?
20002001210
In base 10, what is 3133571 - -6?
3133577
In base 15, what is -3c74 + 81d?
-3456
In base 5, what is 104200 + -2002103?
-1342403
In base 12, what is 136828 - 177?
136671
In base 5, what is -3 + 442321322424?
442321322421
In base 11, what is -2617 + -646?
-3162
In base 7, what is 101 + -1232436?
-1232335
In base 10, what is 38 - -4894746?
4894784
In base 5, what is -1240121440 - -12?
-1240121423
In base 7, what is -2 + -1165031?
-1165033
In base 16, what is 16f2e + -2d?
16f01
In base 12, what is 100046 + -13?
100033
In base 5, what is -11 - -341124144?
341124133
In base 16, what is -141 - -1c45e?
1c31d
In base 2, what is 11001000001001100 - -11010000?
11001000100011100
In base 2, what is 1010111010 - -11111100010111?
100000111010001
In base 5, what is -1121144 + 14142?
-1102002
In base 13, what is -4c8 + -32c3?
-37bb
In base 4, what is 10131013330232 - 2?
10131013330230
In base 2, what is 110000101 - -1001111001101101?
1001111111110010
In base 15, what is 1a45b + 96?
1a502
In base 11, what is 2 + 1945710?
1945712
In base 4, what is 11 + 22303031022?
22303031033
In base 4, what is -1 - -21022212221?
21022212220
In base 11, what is 1208 + 7?
1214
In base 3, what is 11 - -1112110020210111?
1112110020210122
In base 4, what is -1 - 2212010222313?
-2212010222320
In base 12, what is -22a10 - -662?
-2236a
In base 6, what is 51200040 + 11?
51200051
In base 16, what is 59 + 310d9d?
310df6
In base 4, what is -1132 - -22110110310?
22110103112
In base 5, what is 1123243024 + 123?
1123243202
In base 13, what is a8b647 - -59?
a8b6a3
In base 11, what is -2249677 - -6?
-2249671
In base 16, what is -aa29c + 4d?
-aa24f
In base 3, what is -1100 - 210011010112?
-210011011212
In base 11, what is -3 - 43a08a5?
-43a08a8
In base 15, what is -495ab + -2?
-495ad
In base 13, what is -26904 - -109?
-267c8
In base 7, what is -1636026 - -224?
-1635502
In base 9, what is 1405 + 35374?
36780
In base 11, what is -3 + 4569a56?
4569a53
In base 3, what is 1201012 - -2001012201?
2002220220
In base 15, what is 194 + a908?
aa9c
In base 3, what is -1 - -11000002202202110?
11000002202202102
In base 15, what is b9352 - -1ab?
b950d
In base 16, what is 3895b + -216?
38745
In base 15, what is -5 + bac85b?
bac856
In base 15, what is -8871 + -18ab?
-a22c
In base 16, what is 114ae4b + 4?
114ae4f
In base 2, what is 100011001110101100100010110 - 101?
100011001110101100100010001
In base 11, what is -163334587 + -1?
-163334588
In base 8, what is 4076 + 10441?
14537
In base 9, what is -802 + -24864?
-25766
In base 16, what is -3b - -24ee?
24b3
In base 5, what is -3023341010202 + -2?
-3023341010204
In base 4, what is 0 + -10003303131221?
-10003303131221
In base 5, what is 4034020 - 443011?
3041004
In base 4, what is 31110 + -202200?
-111030
In base 9, what is -13460637 - -4?
-13460633
In base 16, what is 2c4ce4b + -1a?
2c4ce31
In base 2, what is -111101 - -11101111010001111011000?
11101111010001110011011
In base 16, what is -89e7d - 60c?
-8a489
In base 9, what is 7 + -160552264?
-160552256
In base 6, what is 122 - 2115213?
-2115051
In base 7, what is 265126206 - 4?
265126202
In base 4, what is -1211222011 - -10312?
-1211211033
In base 5, what is 1014423100 + -1?
1014423044
In base 15, what is -93e6 - a53d?
-14934
In base 6, what is 10324 + 522?
11250
In base 13, what is -399c90 - -6?
-399c87
In base 4, what is 2102 + 3013311?
3022013
In base 10, what is 1 - 24367328?
-24367327
In base 8, what is 1304 - -324452?
325756
In base 16, what is -13b5b - 351?
-13eac
In base 4, what is 13031 + 2320113?
2333210
In base 6, what is 121143 - -2015?
123202
In base 4, what is 1 + 11112121132?
11112121133
In base 11, what is 116807 + 45?
116851
In base 6, what is -2124334142 - -31?
-2124334111
In base 8, what is -2557757 + 23?
-2557734
In base 8, what is 4122 - -14252?
20374
In base 14, what is 11 - 2b7b3d?
-2b7b2c
In base 11, what is 2016 + -2613?
-5a8
In base 5, what is -111224202143 + 2?
-111224202141
In base 2, what is 1000010100110000100001101 + 0?
1000010100110000100001101
In base 10, what is 6463484 + 3?
6463487
In base 13, what is -293b34 - -42?
-293ac2
In base 11, what is -4540130 + 5?
-4540126
In base 7, what is 354 - -1555345?
1556032
In base 6, what is -15 + 4304254420?
4304254401
In base 2, what is 100 + 100011100110001111010100101?
100011100110001111010101001
In base 3, what is 10020 - -22202102121?
22202112211
In base 12, what is 1 + 9492992?
9492993
In base 12, what is -5003a7 + 4?
-5003a3
In base 7, what is -23403 - -23212?
-161
In base 7, what is -43403 - -4351?
-36022
In base 14, what is -194 - 63154?
-63308
In base 7, what is -42 - 2125266?
-2125341
In base 11, what is -68386 - 162?
-68538
In base 7, what is -2111 + 10445435?
10443324
In base 11, what is -172476 - -47?
-17242a
In base 3, what is -20 - 1211110102011000?
-1211110102011020
In base 3, what is 2122011 - 2120022?
1212
In base 11, what is -210627 + -28?
-210654
In base 14, what is -3609 + 1ba01?
183d6
In base 15, what is -15e34 + -75?
-15ea9
In base 16, what is 8f7538 - 3?
8f7535
In base 16, what is -9 - -6b132?
6b129
In base 11, what is -65 + -65a73a?
-65a7a4
In base 11, what is -64484 + 164?
-64320
In base 15, what is -2b32c - 7?
-2b334
In base 3, what is -2 + -122222112100012201?
-122222112100012210
In base 11, what is 95 + 183577?
183661
In base 2, what is -11010110000 + -100111101101?
-1000010011101
In base 4, what is -101210132233 - -1200?
-101210131033
In base 11, what is 157a7a55 - -1?
157a7a56
In base 13, what is 67 - -36ba6?
36c40
In base 13, what is 1 - -726aa76?
726aa77
In base 16, what is -2105 - 5382?
-7487
In base 6, what is 10 + 2355401115?
2355401125
In base 6, what is -121 - -1524412?
1524251
In base 4, what is -13123 + 10023030021?
10023010232
In base 14, what is ac0 + -37b5b?
-3707b
In base 14, what is b870 + -87?
b7c7
In base 6, what is -100154320 + -1?
-100154321
In base 16, what is cb8 - -13b?
df3
In base 16, what is 1bbc68 + -3?
1bbc65
In base 7, what is 45214 - -125235?
203452
In base 8, what is -127 + -734735?
-735064
In base 10, what is -39513860 + 4?
-39513856
In base 13, what is 520c58 + -1?
520c57
In base 16, what is 440 - 413?
2d
In base 7, what is -2403255 - -204?
-2403051
In base 3, what is 221 - -110010110202?
110010111200
In base 8, what is 640 + 4765?
5625
In base 3, what is -21002212 + -10100200?
-101110112
In base 5, what is 10 + -412320130420?
-412320130410
In base 5, what is 124313 + -42?
124221
In base 15, what is 11e - 27c560?
-27c441
In base 12, what is -444 - 34b5?
-3939
In base 9, what is -2221848048 - -5?
-2221848043
In base 12, what is -4 + 66389bb?
66389b7
In base 12, what is -1a6b9 - 44?
-1a741
In base 5, what is -31144012140 + 1?
-31144012134
In base 16, what is 6ca9be - 38?
6ca986
In base 15, what is -5379 + -a5?
-542e
In base 3, what is 220101220001211 + -212?
220101220000222
In base 5, what is -400413 + 14034?
-331324
In base 8, what is 106571547 + 5?
106571554
In base 11, what is -1010871 - 7?
-1010878
In base 13, what is -93 - 323c336?
-323c3c9
In base 3, what is -202121012102110 + -1?
-202121012102111
In base 15, what is 4 - -80cd2a?
80cd2e
In base 4, what is -232021112300 + -3?
-232021112303
In base 9, what is 276325541 + 0?
276325541
In base 9, what is 236856 + -25?
236831
In base 5, what is -141434 - -322133?
130144
In base 5, what is -4 + -4212234122?
-4212234131
In base 10, what is -88 + -64300?
-64388
In base 16, what is 191 - -2fe3?
3174
In base 16, what is -446 - 206f?
-24b5
In base 3, what is 10 + 20202021210101?
20202021210111
In base 12, what is -1298b2 - 203?
-129ab5
In base 2, what is -11001110110 + -111000100010101?
-111011110001011
In base 4, what is -132 - 20203230131?
-20203230323
In base 7, what is 3224 + -20523?
-14266
In base 11, what is 159902 + 219?
15a020
In base 16, what is 2 + 29ff82d?
29ff82f
In base 5, what is -111104 - 13010?
-124114
In base 14, what is 549c + 1cc?
568a
In base 15, what is 36c6a + 7b?
36ce6
In base 6, what is -32150 - -13011?
-15135
In base 7, what is -125525625 + 14?
-125525611
In base 14, what is -d - -34575d?
345750
In base 7, wh